 122 and 549.
61
Calculate the greatest common divisor of 506 and 44.
22
Calculate the greatest common factor of 44 and 12.
4
Calculate the highest common divisor of 1083 and 57.
57
Calculate the highest common divisor of 4128 and 4.
4
Calculate the highest common factor of 216 and 243.
27
Calculate the highest common factor of 6 and 222.
6
What is the highest common divisor of 68 and 1071?
17
What is the highest common factor of 11 and 22?
11
Calculate the greatest common factor of 1050 and 42.
42
What is the greatest common factor of 5 and 1?
1
What is the greatest common factor of 242 and 2?
2
Calculate the greatest common factor of 32 and 736.
32
Calculate the highest common divisor of 15304 and 8.
8
Calculate the highest common factor of 48 and 432.
48
What is the highest common divisor of 2882 and 393?
131
What is the greatest common factor of 258 and 43?
43
Calculate the greatest common factor of 357 and 51.
51
Calculate the greatest common factor of 110 and 198.
22
Calculate the highest common divisor of 238 and 7021.
119
What is the greatest common divisor of 63 and 49?
7
Calculate the highest common divisor of 424 and 3286.
106
Calculate the greatest common factor of 80 and 1480.
40
What is the highest common divisor of 165 and 75?
15
What is the highest common factor of 4 and 254?
2
Calculate the greatest common divisor of 54 and 4.
2
What is the greatest common divisor of 212 and 140?
4
Calculate the highest common divisor of 2331 and 42.
21
Calculate the greatest common divisor of 88 and 297.
11
What is the greatest common divisor of 18 and 198?
18
Calculate the greatest common factor of 24 and 108.
12
Calculate the greatest common factor of 24 and 1176.
24
Calculate the highest common divisor of 59 and 59.
59
Calculate the highest common factor of 49 and 2303.
49
What is the highest common divisor of 200 and 52900?
100
What is the highest common divisor of 376 and 22?
2
What is the highest common factor of 80 and 3640?
40
Calculate the greatest common factor of 658 and 602.
14
What is the greatest common divisor of 72 and 168?
24
Calculate the greatest common divisor of 19 and 513.
19
Calculate the highest common divisor of 25 and 4825.
25
Calculate the highest common factor of 580 and 20.
20
What is the highest common divisor of 7223 and 93?
31
What is the greatest common divisor of 5142 and 12?
6
Calculate the greatest common factor of 58 and 406.
58
What is the greatest common factor of 414 and 72?
18
Calculate the greatest common factor of 100 and 1205.
5
Calculate the greatest common divisor of 477 and 90.
9
Calculate the greatest common factor of 104 and 3172.
52
What is the greatest common factor of 33 and 77?
11
Calculate the highest common factor of 3 and 48.
3
Calculate the greatest common divisor of 320 and 7744.
64
Calculate the greatest common factor of 10 and 830.
10
What is the highest common factor of 5893 and 83?
83
Calculate the greatest common factor of 90 and 84690.
90
Calculate the highest common factor of 564 and 12.
12
Calculate the greatest common factor of 232 and 203.
29
Calculate the highest common factor of 34 and 374.
34
What is the highest common divisor of 2992 and 612?
68
What is the greatest common divisor of 176 and 72?
8
What is the highest common divisor of 21 and 3241?
7
What is the greatest common factor of 20 and 905?
5
Calculate the greatest common divisor of 1751 and 85.
17
What is the highest common divisor of 88 and 836?
44
Calculate the highest common factor of 10 and 1115.
5
Calculate the greatest common factor of 292 and 1825.
73
What is the highest common factor of 55 and 3905?
55
What is the greatest common divisor of 105 and 3360?
105
What is the greatest common divisor of 186 and 9021?
93
Calculate the highest common divisor of 66 and 88.
22
Calculate the highest common factor of 135 and 5.
5
Calculate the highest common divisor of 11088 and 567.
63
Calculate the greatest common factor of 2133 and 432.
27
What is the greatest common factor of 37 and 74?
37
What is the highest common divisor of 110 and 140?
10
What is the highest common divisor of 470 and 50?
10
What is the highest common factor of 49 and 140?
7
What is the highest common divisor of 136 and 70856?
136
Calculate the highest common divisor of 7 and 329.
7
Calculate the highest common factor of 364 and 39.
13
Calculate the highest common factor of 98 and 2499.
49
Calculate the greatest common factor of 1450 and 435.
145
What is the highest common factor of 713 and 217?
31
What is the greatest common divisor of 398 and 4?
2
Calculate the highest common divisor of 168 and 294.
42
Calculate the highest common divisor of 108 and 576.
36
Calculate the greatest common divisor of 3 and 123.
3
What is the greatest common factor of 335 and 15?
5
What is the highest common factor of 925 and 3200?
25
Calculate the greatest common divisor of 792 and 144.
72
Calculate the highest common factor of 2964 and 6.
6
What is the greatest common factor of 25 and 1325?
25
What is the highest common factor of 77 and 427?
7
What is the greatest common divisor of 2 and 54?
2
Calculate the greatest common divisor of 3 and 29.
1
What is the greatest common factor of 576 and 2752?
64
What is the greatest common factor of 43 and 7439?
43
Calculate the greatest common factor of 4 and 244.
4
Calculate the greatest common divisor of 75 and 57.
3
Calculate the highest common divisor of 88 and 24.
8
What is the greatest common factor of 1647 and 27?
27
What is the highest common factor of 27 and 9?
9
What is the highest common divisor of 1072 and 8?
8
What is the highest common factor of 104 and 5694?
26
What is the highest common divisor of 8 and 100?
4
Calculate the highest common divisor of 24 and 44.
4
Calculate the highest common factor of 305 and 61.
61
Calculate the greatest common factor of 168 and 868.
28
What is the highest common divisor of 10 and 745?
5
Calculate the highest common divisor of 88 and 264.
88
Calculate the highest common factor of 510 and 306.
102
Calculate the greatest common factor of 26815 and 173.
173
Calculate the greatest common divisor of 44 and 88.
44
Calculate the greatest common divisor of 33504 and 96.
96
What is the highest common divisor of 2853 and 1?
1
Calculate the greatest common factor of 588 and 996.
12
Calculate the greatest common divisor of 6185 and 10.
5
Calculate the highest common divisor of 12383 and 61.
61
What is the highest common divisor of 64 and 80?
16
Calculate the greatest common factor of 137 and 8631.
137
Calculate the greatest common factor of 16 and 272.
16
Calculate the highest common divisor of 22 and 121.
11
What is the greatest common factor of 494 and 4?
2
What is the greatest common divisor of 905 and 5?
5
Calculate the highest common factor of 276 and 9867.
69
What is the highest common factor of 110 and 30?
10
What is the highest common divisor of 442 and 102?
34
Calculate the highest common factor of 64 and 32.
32
Calculate the highest common divisor of 235 and 5.
5
Calculate the greatest common divisor of 164 and 1394.
82
Calculate the highest common factor of 1647 and 189.
27
What is the greatest common factor of 1108 and 1?
1
Calculate the greatest common divisor of 14102 and 22.
22
Calculate the highest common factor of 3577 and 98.
49
Calculate the greatest common factor of 2836 and 4.
4
What is the highest common divisor of 442 and 39?
13
What is the greatest common divisor of 65 and 221?
13
What is the highest common factor of 12 and 106572?
12
What is the greatest common factor of 5568 and 58?
58
Calculate the highest common divisor of 26 and 8086.
26
Calculate the greatest common divisor of 268 and 20.
4
Calculate the highest common factor of 5523 and 21.
21
What is the greatest common factor of 8 and 7?
1
What is the greatest common factor of 88 and 55?
11
What is the greatest common divisor of 64 and 2704?
16
What is the highest common divisor of 19 and 1919?
19
What is the greatest common factor of 108 and 3996?
108
Calculate the highest common factor of 1547 and 8687.
119
What is the greatest common divisor of 17 and 1598?
17
What is the highest common divisor of 4290 and 910?
130
What is the greatest common divisor of 115 and 391?
23
What is the greatest commo